and 4.
1
Let g be (-1 - -1) + 6/2. Let r be (-2)/g*(-9 - -3). Suppose -54 = -2*j + 10. What is the highest common divisor of j and r?
4
Suppose -2*j - 53 = -373. Let g = -3 - -5. Suppose -105 = -g*c + 3*l, -c + 4*l = 2*c - j. What is the highest common divisor of 12 and c?
12
Let v = 3 + -2. Let h(w) = 69*w - 1. Let r be h(v). Let t(f) = 2*f - 5. Let q be t(11). What is the highest common divisor of q and r?
17
Suppose 4*g - 5 = -2*x + 3, -5*x + 15 = 5*g. Let j = 11 + -6. Suppose 39 = 4*l - j. What is the highest common factor of l and g?
1
Suppose 0 = 3*c - 18 + 42. Let a = -11 - -15. Let d = a - c. What is the highest common factor of d and 3?
3
Let v(m) = -m**3 - 3*m**2 - 2*m - 8. Let j be v(-6). What is the highest common factor of j and 16?
16
Let b = 24 - 19. Suppose 2*v + 13 = 3*x, -x = -4*x + b*v + 1. Suppose -2*z - 5*c + 17 = 0, 4*c = 5*z + 9 - 2. What is the highest common factor of z and x?
1
Let r = 27 + 29. Suppose 5*y - 25 = 0, -n + 26 = -2*y + 6*y. Suppose -40 = -n*u + u. What is the greatest common factor of u and r?
8
Let f(i) = 6*i**2 + 5*i + 11. Let s(y) = 7*y**2 + 4*y + 12. Let a(j) = -6*f(j) + 5*s(j). Let r be a(-8). What is the greatest common factor of 30 and r?
10
Let z(c) = -c**3 - 10*c**2 + 6*c - 31. Let j be z(-11). Calculate the greatest common factor of j and 16.
8
Suppose 28 = 4*q - 1268. Let d = q + -224. What is the greatest common factor of 40 and d?
20
Let o(s) = 2*s**2 + 5*s - 5. Let l be o(-5). Let q = 87 + -62. Suppose -6*b + q = -b. Calculate the highest common divisor of l and b.
5
Let l(g) = -g**3 - 2*g**2 - 6*g. Let c be l(-6). Let r = -48 + 68. What is the highest common factor of r and c?
20
Let r(i) = i**3 - 8*i**2 + 2*i - 6. Let p be r(8). What is the greatest common divisor of 30 and p?
10
Suppose 5*r = -5, 0 = 2*d - d + 2*r. What is the highest common divisor of 2 and d?
2
Suppose x - 3*x + 142 = -2*r, -x - 5*r = -95. Suppose -33 = -2*c - c + 3*i, -i - 41 = -3*c. Calculate the greatest common divisor of x and c.
15
Let k(l) = -l**2 + 16*l - 12. Let p be k(10). Calculate the highest common factor of 48 and p.
48
Suppose 0 = 27*m - 26*m - 64. Calculate the greatest common divisor of 8 and m.
8
Suppose 4*v = -5*f + 6 + 6, 5*v = -3*f + 2. Calculate the highest common factor of 44 and f.
4
Suppose -6 = -3*a + 3. What is the greatest common divisor of 3 and a?
3
Suppose -1 - 4 = l. Let v = l - -8. Suppose 3*y = z + 52, 0 = y - v*z + 8*z + 4. What is the greatest common divisor of y and 48?
16
Let b = -407 + 651. Suppose b = 4*g + 3*l - 2*l, 5*g - 312 = -3*l. Calculate the greatest common divisor of g and 24.
12
Let j(i) = 7*i**3 + i. Let q be j(1). Suppose 0 = -2*a - q, 864 = 5*d - 0*a + 4*a. What is the highest common divisor of 16 and d?
16
Let j be (4/(-10))/((-6)/60). Suppose -d = -v + j, 0 = v + 4*v - d - 40. Suppose v*x = 12*x - 42. Calculate the highest common divisor of 154 and x.
14
Let d(k) = -k**3 + 7*k**2 - 20. Let p be d(6). Let l be 1/(-3) - 7/(-3). Calculate the greatest common divisor of l and p.
2
Let a = -6 - -9. Let d = a + -2. Calculate the greatest common divisor of d and 7.
1
Let f be (-365)/(-3) + (-36)/54. What is the greatest common divisor of 11 and f?
11
Suppose 2*s + 2*s = 3*b + 15, 4*s + 4*b = 8. Suppose -s*z - 54 = -5*z. Calculate the greatest common factor of 3 and z.
3
Suppose 2*m - 9 = -m. Let c(g) = 8*g**2 + 2 + 2*g**2 - m*g**2 + 3*g. Let p be c(-3). Calculate the highest common factor of p and 8.
8
Let q be (-10)/15 + 1192/6. What is the greatest common divisor of q and 18?
18
Let d = 46 - 30. What is the greatest common factor of d and 16?
16
Let m(q) = q**2 - q - 10. Let y be m(5). Calculate the greatest common divisor of 60 and y.
10
Suppose -340 = -7*u + 108. What is the highest common divisor of u and 16?
16
Suppose 4*i - 3*m + 2*m - 4 = 0, i - 22 = -5*m. Suppose i = 4*z - 10. Suppose 80 = z*c + 2*c. What is the greatest common factor of c and 24?
8
Let a = -21 + 25. What is the highest common divisor of a and 32?
4
Suppose 5*k - 2 = 2*d, 5*d + k = -k + 53. Calculate the greatest common divisor of d and 9.
9
Let o(r) = 2*r + 7. Let v be o(7). Let p be 10/(-35) - 2650/(-14). Calculate the highest common divisor of v and p.
21
Let r(q) = 2*q**2 + q - 1. Let z be r(-7). Suppose 0*s = -s + 10. What is the highest common factor of s and z?
10
Let n = -4 - -3. Let f be n/(-1 - 12/(-15)). Suppose -d - 15 + 60 = 0. Calculate the greatest common divisor of d and f.
5
Suppose -5*u + 165 = 45. Let h = u - -24. What is the highest common factor of h and 6?
6
Suppose 153 = 4*m - 39. Calculate the highest common divisor of m and 192.
48
Suppose -14 = i - 2*i. Suppose 3*t - 5*r - 64 = -10*r, 4*r = -2*t + 40. Calculate the greatest common divisor of i and t.
14
Let o(h) = h**2 + 6*h. Suppose 0 = -5*f - 29 - 11. Let c be o(f). Suppose 0 = -2*n - n + 12. What is the greatest common factor of c and n?
4
Let z = -1 - 2. Let m(v) = 11*v + 0*v - 3*v - 38*v. Let x be m(z). What is the highest common divisor of x and 9?
9
Suppose 11*f - 117 = 8*f. What is the highest common factor of 156 and f?
39
Let g(a) = a - 2. Let q be g(6). Let c(j) = 14*j + 3. Let n be c(q). Let x = n - 26. Calculate the highest common factor of 11 and x.
11
Let n be (-13)/(156/(-160))*(5 - -1). Calculate the greatest common divisor of n and 16.
16
Let s be 36/(2 - -1) - -1. Suppose -5*w + 423 + 101 = -4*z, -2*w + 5*z = -213. Calculate the greatest common divisor of w and s.
13
Suppose 3 = -2*m - 2*c + 41, -5*c - 17 = -2*m. Suppose -14 = -a + m. What is the highest common factor of 10 and a?
10
Let w(l) = -76*l - 2. Let k be w(-2). Calculate the greatest common factor of 30 and k.
30
Let c be 1 - ((-50)/1 + -3). Let h = 12 - 6. Calculate the greatest common divisor of c and h.
6
Let w = -49 - -91. What is the highest common divisor of 6 and w?
6
Suppose 0 = 4*g - 195 - 381. Suppose -3*m = -m - g. Calculate the highest common factor of 9 and m.
9
Let d be (-4)/(-14) - (-668)/14. Suppose 3*x = -u - 4*u + 146, -2*u + d = -4*x. What is the highest common factor of 14 and u?
14
Let k(y) = -y**2 - 7*y - 1. Suppose -j - j - 12 = 0. Let q be k(j). Let d be ((-10)/(-4))/((-3)/(-6)). Calculate the greatest common factor of q and d.
5
Suppose 72 = 82*k - 76*k. Let z be 2/(-8) + 98/8. What is the highest common factor of z and k?
12
Let g(n) = n**3 + 4*n**2 - 15*n - 12. Let p be g(-5). Calculate the greatest common divisor of 304 and p.
38
Let p = 11 + 17. Calculate the highest common divisor of p and 14.
14
Let g be (-106)/(-2) + -1 + 3. Suppose 4*h + 1 - 9 = 0. Suppose -4*s - h*o + 50 = 0, s - 5 - 3 = o. Calculate the greatest common factor of g and s.
11
Let w = 24 + -16. Let d be 1/(w/4)*144. Calculate the greatest common factor of d and 18.
18
Suppose 37 = 3*x - l + 2*l, 3 = x - 2*l. Calculate the greatest common factor of 55 and x.
11
Let y(v) = 4*v**3 - 5*v**2 - 6*v + 8. Let w be y(4). What is the greatest common factor of 20 and w?
20
Suppose 4*u = 3*u + 30. Suppose 0 = j - t - 48, 2*j + 3*t = -3*j + 216. What is the greatest common divisor of u and j?
15
Let f = 120 + -71. What is the highest common divisor of 7 and f?
7
Let o = -134 - -262. Calculate the highest common factor of o and 32.
32
Suppose 3*l - 6 = l. Suppose -2*g + 20 = -10. Calculate the greatest common divisor of g and l.
3
Let v = 45 + -21. What is the highest common factor of v and 120?
24
Let p be (-20)/(-11) + -2 - 404/(-44). What is the greatest common divisor of 3 and p?
3
Suppose -4*o - 1206 = -9*o + 3*k, 0 = 5*o - 4*k - 1203. Calculate the highest common divisor of 27 and o.
27
Let g be (16/2)/((30/(-25))/(-3)). What is the greatest common divisor of g and 10?
10
Suppose 5*f - 132 = 193. Suppose 3*c + 2*z = 6*z + 32, -f = -5*c - 5*z. What is the highest common factor of c and 12?
12
Let r be (2/(-7))/(30/(-105)). Let c(h) = -h**3 + 4*h**2 + 2. Let d be c(4). What is the highest common factor of d and r?
1
Let s(j) = -4*j + 33. Let v be s(0). What is the greatest common divisor of 3 and v?
3
Let h = -24 + 36. Let j be ((-6)/(-9))/(16/72). Calculate the greatest common divisor of h and j.
3
Let v = 52 - -20. Suppose s = -0 + 2. Let y be 11 + (-2)/s + -2. Calculate the highest common factor of y and v.
8
Let q be (-4002)/(-253) - 3/((-33)/2).